 of 119419?
1
What is the tens digit of 709228?
2
What is the hundred thousands digit of 1478097?
4
What is the units digit of 2977676?
6
What is the thousands digit of 4406369?
6
What is the hundred thousands digit of 3927359?
9
What is the hundred thousands digit of 379438?
3
What is the hundreds digit of 323746?
7
What is the hundreds digit of 31520?
5
What is the ten thousands digit of 3532873?
3
What is the hundred thousands digit of 5433990?
4
What is the hundred thousands digit of 482212?
4
What is the hundreds digit of 19140101?
1
What is the ten thousands digit of 432012?
3
What is the hundred thousands digit of 307045?
3
What is the millions digit of 5958768?
5
What is the units digit of 73528?
8
What is the tens digit of 3475456?
5
What is the hundred thousands digit of 5383397?
3
What is the units digit of 433072?
2
What is the hundreds digit of 1686314?
3
What is the ten thousands digit of 467774?
6
What is the units digit of 440021?
1
What is the ten thousands digit of 93335?
9
What is the units digit of 16209133?
3
What is the hundred thousands digit of 230741?
2
What is the thousands digit of 2354794?
4
What is the ten millions digit of 39293302?
3
What is the tens digit of 6195757?
5
What is the units digit of 4293309?
9
What is the thousands digit of 76922?
6
What is the thousands digit of 6906356?
6
What is the ten thousands digit of 64862?
6
What is the hundred thousands digit of 3675426?
6
What is the hundreds digit of 825009?
0
What is the millions digit of 1274709?
1
What is the tens digit of 837421?
2
What is the hundreds digit of 415274?
2
What is the thousands digit of 1120906?
0
What is the hundreds digit of 2915742?
7
What is the hundred thousands digit of 6026361?
0
What is the hundred thousands digit of 1306043?
3
What is the hundreds digit of 13409569?
5
What is the hundreds digit of 243712?
7
What is the tens digit of 1061400?
0
What is the units digit of 10316?
6
What is the tens digit of 453581?
8
What is the thousands digit of 638855?
8
What is the tens digit of 166828?
2
What is the hundred thousands digit of 793558?
7
What is the millions digit of 1113885?
1
What is the ten thousands digit of 299471?
9
What is the ten thousands digit of 327326?
2
What is the thousands digit of 432539?
2
What is the millions digit of 6344756?
6
What is the tens digit of 1650855?
5
What is the units digit of 7581249?
9
What is the ten thousands digit of 4450429?
5
What is the millions digit of 7070699?
7
What is the units digit of 323341?
1
What is the hundreds digit of 5294333?
3
What is the units digit of 1747601?
1
What is the hundred thousands digit of 377033?
3
What is the millions digit of 26393579?
6
What is the hundred thousands digit of 1618432?
6
What is the ten thousands digit of 267080?
6
What is the ten millions digit of 11047135?
1
What is the thousands digit of 4753979?
3
What is the units digit of 79479?
9
What is the hundreds digit of 20759279?
2
What is the thousands digit of 71446?
1
What is the tens digit of 1970914?
1
What is the thousands digit of 6707939?
7
What is the ten millions digit of 11478213?
1
What is the units digit of 952843?
3
What is the hundreds digit of 529437?
4
What is the units digit of 190429?
9
What is the ten thousands digit of 3040953?
4
What is the units digit of 7130075?
5
What is the hundreds digit of 1678805?
8
What is the thousands digit of 212080?
2
What is the units digit of 1266968?
8
What is the hundreds digit of 106052?
0
What is the thousands digit of 1579471?
9
What is the millions digit of 8037988?
8
What is the tens digit of 3220948?
4
What is the thousands digit of 2201466?
1
What is the hundreds digit of 3900121?
1
What is the units digit of 2653894?
4
What is the ten thousands digit of 205308?
0
What is the ten thousands digit of 3727776?
2
What is the thousands digit of 4923185?
3
What is the hundreds digit of 575506?
5
What is the tens digit of 1372300?
0
What is the thousands digit of 945590?
5
What is the hundred thousands digit of 171788?
1
What is the ten thousands digit of 871151?
7
What is the hundred thousands digit of 322250?
3
What is the hundreds digit of 966371?
3
What is the millions digit of 11531963?
1
What is the ten thousands digit of 2040336?
4
What is the hundred thousands digit of 33391419?
3
What is the units digit of 108146?
6
What is the tens digit of 2566861?
6
What is the hundreds digit of 31073?
0
What is the hundreds digit of 363268?
2
What is the hundreds digit of 94007?
0
What is the hundreds digit of 450058?
0
What is the units digit of 8757621?
1
What is the hundreds digit of 4236599?
5
What is the hundreds digit of 6181986?
9
What is the ten thousands digit of 58463?
5
What is the hundreds digit of 1594148?
1
What is the ten thousands digit of 1449098?
4
What is the thousands digit of 364134?
4
What is the ten thousands digit of 1189045?
8
What is the hundreds digit of 291532?
5
What is the hundreds digit of 76050?
0
What is the hundred thousands digit of 236163?
2
What is the ten thousands digit of 7751708?
5
What is the hundreds digit of 692569?
5
What is the tens digit of 1144829?
2
What is the ten thousands digit of 6078417?
7
What is the hundreds digit of 404268?
2
What is the hundred thousands digit of 20204395?
2
What is the thousands digit of 11953159?
3
What is the hundreds digit of 1467156?
1
What is the hundreds digit of 1288965?
9
What is the hundreds digit of 371087?
0
What is the hundred thousands digit of 612346?
6
What is the thousands digit of 309449?
9
What is the thousands digit of 1509159?
9
What is the hundreds digit of 419442?
4
What is the ten thousands digit of 77322?
7
What is the tens digit of 156924?
2
What is the hundred thousands digit of 1180343?
1
What is the millions digit of 2765069?
2
What is the units digit of 168276?
6
What is the ten thousands digit of 2655690?
5
What is the units digit of 521397?
7
What is the tens digit of 251250?
5
What is the units digit of 8157195?
5
What is the thousands digit of 3237631?
7
What is the hundreds digit of 1578950?
9
What is the ten thousands digit of 3408646?
0
What is the millions digit of 3781031?
3
What is the units digit of 525040?
0
What is the hundreds digit of 3460020?
0
What is the hundreds digit of 329281?
2
What is the hundreds digit of 22325364?
3
What is the tens digit of 17463503?
0
What is the tens digit of 3702845?
4
What is the thousands digit of 42078?
2
What is the units digit of 563181?
1
What is the ten thousands digit of 502700?
0
What is the units digit of 4450304?
4
What is the thousands digit of 4048011?
8
What is the hundred thousands digit of 249407?
2
What is the tens digit of 5537453?
5
What is the thousands digit of 7425433?
5
What is the units digit of 900404?
4
What is the hundreds digit of 1418133?
1
What is the ten thousands digit of 5474850?
7
What is the units digit of 636939?
9
What is the ten thousands digit of 62108?
6
What is the hundred thousands digit of 2461267?
4
What is the thousands digit of 1314508?
4
What is the tens digit of 568320?
2
What is the units digit of 4192680?
0
What is the units digit of 148072?
2
What is the tens digit of 8584789?
8
What is the units digit of 464880?
0
What is the hundred thousands digit of 451404?
4
What is the hundred thousands digit of 805498?
8
What is the thousands digit of 32001394?
1
What is the tens digit of 457237?
3
What is the ten millions digit of 23156162?
2
What is the thousands digit of 1661059?
1
What is the units digit of 1317535?
5
What is the hundreds digit of 35271?
2
What is the millions digit of 1327718?
1
What is the tens digit of 4854416?
1
What is the units digit of 15272224?
4
What is the thousands digit of 1614599?
4
What is the units digit of 34725354?
4
What is the hundred thousands digit of 1347340?
3
What is the hundred thousands digit of 547432?
5
What is the millions digit of 2311752?
2
What is the units digit of 102621?
1
What is the thousands digit of 9746921?
6
What is the hundred thousands digit of 151421?
1
What is the tens digit of 503289?
8
What is the units digit of 1983249?
9
What is the units digit of 194766?
6
What is the hundred thousands digit of 566157?
5
What is the hundred thousands digit of 357663?
3
What is the hundreds digit of